v) = v**3 + 6*v**2 + 6*v + 1. What is the units digit of u(-4)?
9
Suppose 4*k - 3*w - 228 = 0, -2*k + 7*k + 5*w - 250 = 0. Suppose 4*p = 4*o - 2*o - k, 2*p = -5*o + 75. What is the tens digit of o?
1
Suppose -25 = -5*g, 4*g - 51 = c - 151. What is the units digit of c?
0
Suppose -4*h + 0 = -128. What is the tens digit of h?
3
Let l(r) = 3*r**2 - 2*r - 2. Let m be (-2 + 8/6)*-3. Let t be l(m). What is the units digit of -1 - t/(-3) - -1?
2
Let n(u) = -u**2 - 8*u - 5. Let z be n(-6). Let m(d) = d**2 - 2*d - 3. What is the units digit of m(z)?
2
Let m(f) = -f**3 + 6*f**2 - 5*f + 5. Let h(z) = z**2 - 4. Suppose 5*n + 3 = 4*n. Let k be h(n). What is the units digit of m(k)?
5
Let j(q) = -2*q + 1. Let v be j(-3). Suppose 50 = 2*b - v*b. What is the units digit of (3/((-3)/b))/1?
0
What is the units digit of 7 - 1/(-2)*8?
1
Let r(j) = -5*j + 3. Let f(z) = -9*z + 5. Let t(n) = -4*f(n) + 7*r(n). What is the units digit of t(6)?
7
Suppose 0*g = -4*g + 60. Suppose 0 = -r + 7 + g. What is the tens digit of r?
2
Let h(l) = -3*l**2 + l + 2. Let s be h(2). Let g = 3 + s. What is the units digit of (-12)/g - (-2)/(-5)?
2
Let t(j) = 7 - j**2 + 1 - 1 + 2 - 7*j. Let o be t(-8). Suppose 61 - o = 4*p. What is the units digit of p?
5
Let n = 7 - 2. Suppose -46 + 6 = -r. Suppose -r = -n*h + 20. What is the units digit of h?
2
Let a(p) = 23*p + 1. Let r be a(-4). Let s be 505/13 - 14/r. Let y = s + -25. What is the units digit of y?
4
Let h be 6/(-9)*447/(-2). Suppose 5*x - 429 + h = 0. What is the units digit of (x/6)/4*6?
4
Let j = 14 - 8. Let g = -3 + j. What is the units digit of g?
3
Suppose -2*x = 3*a - 86, -4*x + 2*a + 174 = 18. What is the units digit of x?
0
Suppose 0 = -2*u + 3*o + 19, -2*u + u = 3*o + 4. Suppose 5 = 5*b - u. Suppose -5*g = 5*w - 85, -b*w - w = g - 51. What is the tens digit of w?
1
Suppose 3 = 3*k + 36. Let d = k + 29. What is the units digit of d?
8
What is the tens digit of (-5 - -5) + 234 - -5?
3
Let d be (-1)/(((-9)/(-30))/3). Let c be ((-2)/5)/(1/d). Suppose 0 = -m - c*m + 3*x - 4, 0 = -3*m - x + 6. What is the units digit of m?
1
Let i = 1 + 14. Suppose -4*w = -j + 9, 0 = -w + 5*j - i - 11. Let b = w - -8. What is the units digit of b?
7
Suppose 55 = 4*o + 3*d - 121, o - 37 = d. What is the units digit of o?
1
Let b(l) = -11*l + 16. What is the units digit of b(-9)?
5
Let j be ((-6)/(-15) + 0)*10. Suppose 0 = -0*a + 2*a - j. Suppose -3*d + 4*q = 1, a*d + 5*q - 4 = 3*q. What is the units digit of d?
1
Let m(q) = 5*q**3 - 2*q**2 + 5*q. Let s(h) = h**3 + h**2 + h - 1. Let r(v) = m(v) - 4*s(v). What is the tens digit of r(6)?
1
Let o(v) = -3*v**2 + v**2 + 5*v**2 - v - 6. What is the units digit of o(-3)?
4
Let q(n) = n**3 + 7*n**2 - 6. Let h be q(-6). Suppose 0 = -5*c + h + 35. What is the units digit of c?
3
Let o(f) be the third derivative of -f**4/12 - f**3/3 - f**2. What is the units digit of o(-3)?
4
Let d = -4 - -2. Let t be (d/4)/(2/(-20)). Suppose -2*i = z + i - 1, -t*z - 3*i = -17. What is the units digit of z?
4
Let a = 6 - 2. Suppose -a = m - 0. Let j = 0 - m. What is the units digit of j?
4
Suppose -4*f + 96 = f + 4*v, -f + 24 = 2*v. What is the units digit of f?
6
Let z = 60 - 30. What is the units digit of z?
0
Let l = 87 + -11. Suppose 0 = -5*u - w + l, 3*u + u + 3*w = 63. What is the units digit of u?
5
Let r = -43 - 19. Let v = -30 - r. What is the tens digit of v?
3
Let o = 7 - 4. Let f be o*-3*12/(-27). Suppose -5*c = 5*z - 8 + 3, f*z + 8 = 0. What is the units digit of c?
3
Suppose 112 - 27 = -5*m. Let z = m - -58. What is the units digit of z?
1
Let r be (-1)/(-4 + -2 + 5). Let y(q) = 4*q. Let u be y(r). Suppose 3 = u*g - g. What is the units digit of g?
1
Let v(q) = q**3 + 4*q**2 - q - 2. Suppose -2*b = -2*j - 18, 4*j + 3*b - 3 = j. What is the units digit of v(j)?
2
Suppose -6 = q + q. What is the units digit of 15/(-2)*2/q?
5
Let u = 632 - 358. What is the hundreds digit of u?
2
Let y(c) = -c + 8. Suppose 3*g - 15 = -3*s - 0*g, -2*g = 4*s - 22. What is the units digit of y(s)?
2
Suppose -2*c + c = -3. Suppose -3*i + 12 = 0, -5*t + c*i = -t - 136. What is the tens digit of t?
3
Let h(m) = 2*m - 5. Let l be h(7). Let t(y) = -2*y**2 + y**2 - 11 - 3*y + 14*y. What is the units digit of t(l)?
7
Suppose 245 = 2*t - 5*p, -5*p - 843 + 238 = -5*t. What is the hundreds digit of t?
1
Suppose 0 = 2*q - 4*q - 6. Let s = q - 0. Let x = 0 - s. What is the units digit of x?
3
Let q = 14 - -18. Suppose -112 + q = -2*b. What is the units digit of b?
0
Let f(y) be the first derivative of y**2/2 + 4*y - 5. What is the units digit of f(4)?
8
Suppose 3*j = 6*j - 102. What is the tens digit of (j/(-8))/(6/(-48))?
3
Let j(o) = o**3 + 2. Let d be j(0). Let i(g) = -d*g + 0*g + g. What is the units digit of i(-6)?
6
Suppose 0 = 10*n - 15*n + 230. What is the units digit of n?
6
Let d be -5*(18/(-10))/3. Suppose -4*c - 80 = -3*b, -d*c + 6*c = -6. What is the units digit of b?
4
Let m(g) = -g**2 - 4*g. Let k be m(-4). Let t = k - -10. Let c = 12 - t. What is the units digit of c?
2
Suppose m + 4*k - 83 = 0, -4*m + 0*k = 4*k - 344. What is the tens digit of m?
8
What is the units digit of (-123)/2*4/(-6)?
1
Suppose -2*g - 26 = t, -2*t - 21 = -3*g + 52. Let r = -4 + 8. What is the units digit of t/(-12) + r/(-6)?
2
Let i be (-4)/(-3)*6/4. Suppose -4*j + 12 = -i*j. Suppose 2*l = -3*p + j, 9 = 2*p + p + l. What is the units digit of p?
4
Let m(o) = -o**3 - 6*o**2 + 6. Let c be m(-6). Let d = -24 + 35. Let g = d - c. What is the units digit of g?
5
Suppose 2*v - 5 = -z, 5*v - 2*v + 10 = 2*z. Suppose 0 = 3*b - 15. Suppose v = -0*w - b*w + 35. What is the units digit of w?
7
Let r = 242 + -104. What is the hundreds digit of r?
1
Let b = 4 + -2. Let j(z) = z + 2. Let s be j(b). Suppose 3*u = 3*d - 54, -d - 3 + 6 = s*u. What is the tens digit of d?
1
Let r(a) = a**3 + 8*a**2 + 8*a + 6. Let m be r(-7). Let d be (m/2)/((-2)/36). Suppose 0 = t - 4*t + d. What is the units digit of t?
3
Suppose -5*p = 277 - 482. What is the tens digit of p?
4
Let h(p) be the third derivative of 2*p**2 - 1/3*p**3 - 5/24*p**4 + 0*p + 1/60*p**5 + 0. What is the units digit of h(6)?
4
Suppose 4*j + 1 = 2*i + 5, -3*j - i = -13. Let f(c) = c**3 - 5*c**2 + 4*c - 1. Let l be f(j). Let s(g) = -g**2 - 8*g + 1. What is the units digit of s(l)?
8
Let q = 16 + -14. Suppose q*y - y = 30. What is the tens digit of y?
3
Suppose -3*w + 67 = -5*g, 0*g - 3*g = w + 1. Let t be 2/(-7) - 216/(-21). What is the units digit of t/(-35) + 116/w?
8
Suppose 4*g = 419 - 39. What is the tens digit of g?
9
Let p(a) = -a - 1. Let q be 2/4 - 6/4. Let c be p(q). Suppose 6 = -c*g + g. What is the units digit of g?
6
Let i be (-3 + 1)/(2/(-8)). Suppose -m = 2*z - i, m + 2*z - 4*z = -4. What is the units digit of m?
2
Let b(g) = -g**2 - 4*g + 4. Suppose -n - 3*i = -2, i - 16 = 2*n - 3*i. Let y be b(n). Suppose 7 = h - 3*m, -h - 5*m - 17 = -y*h. What is the units digit of h?
4
Suppose -5*m - 28 = -103. Suppose d + m = 2*d. What is the tens digit of d?
1
Suppose -12 = 5*g + 8, -16 = 2*q - 5*g. Let t = 4 + q. Let v = 25 + t. What is the units digit of v?
1
Let x(g) = 3*g**2 + 5*g - 1. Let o be 105/(-28) - 1/4. What is the units digit of x(o)?
7
Suppose -3*i + 62 = -2*i + 5*g, -4*i + 340 = -3*g. What is the units digit of i?
2
Let d(u) = -u**3 - 11*u**2 - 11*u - 8. Let r be d(-10). Suppose 2 = r*z - 0. Suppose i - z = 1. What is the units digit of i?
2
Suppose 7 = 4*g - 1. What is the units digit of g?
2
Suppose -4*m = s + 17, -3*s = 2*s + 2*m + 31. Let z = 5 + s. Suppose z*u = -u - 2, 3*u + 10 = a. What is the units digit of a?
4
Let m(l) = 2*l + 4. Let t be m(3). Suppose 5*o - 50 = -j - 4*j, 5*o = t. What is the units digit of 69/12 - (-2)/j?
6
Let r = -25 + 35. Suppose r = 5*l + 5*a, -3*l - a + 5 + 9 = 0. What is the units digit of l?
6
Suppose 4*t + 2 = 6. What is the units digit of t?
1
Let k(n) = 12*n - 8. Let a(b) = 13*b - 9. Let i(q) = -6*a(q) + 7*k(q). Let p be i(2). Let z = p - 5. What is the units digit of z?
5
Let u(t) = -t**2 - 6*t - 6. Let k be u(-5). What is the units digit of (2 + k)/((-4)/(-56))?
4
Let o = 98 + -21. What is the units digit of o?
7
Let n(c) = -8*c**3 + 2*c**2 - 1. Let x be n(1). Let a = 19 + x. What is the units digit of a?
2
Let l = 858 - 558. Suppose 4*c + c = l. Suppose -